 by 19.
18
Suppose 4*p + z + 4*z = 44, -2*p + 28 = z. What is the remainder when 29 is divided by p?
13
Suppose -5*h + 0*h = 0. Let i = h - -19. What is the remainder when 73 is divided by i?
16
Suppose -2*x - 3 = -17. Suppose -x*a + 2*a = -50. Calculate the remainder when 28 is divided by a.
8
Let b(k) = 17*k - 2. What is the remainder when 94 is divided by b(2)?
30
Calculate the remainder when 48 is divided by (-6 - -20)/(4/2).
6
Suppose 15 = 3*t, 4*u + 2*t - 14 = -0*u. Suppose -u = f - 5*l - 0, -5*l - 71 = -4*f. Let b(j) = 3*j**2 - j - 1. What is the remainder when f is divided by b(2)?
6
Suppose 4*b - 1 = -4*a - 5, -2*a - 4*b - 4 = 0. Suppose j + 2*j - 33 = a. Calculate the remainder when 21 is divided by j.
10
Let x(w) = w**3 + w**2 + w + 1. Let j be x(-1). Suppose j = -2*m - m - 15. Calculate the remainder when 2 is divided by m/(-3) - 4/6.
0
Let j = 2 - -1. Suppose 7*m - j*m - 208 = 0. Let d(g) = 5*g - 2. What is the remainder when m is divided by d(4)?
16
Let z(d) = d**2 - 2*d + 1. Let o be z(3). Suppose -3*q + 6 = 0, o*x - q - 50 + 16 = 0. What is the remainder when x is divided by 6?
3
Let w(d) = -2*d + 1. What is the remainder when 482/20 + 23/(-230) is divided by w(-3)?
3
Suppose -4*w - 6 = -5*d + 18, 5*w - 4*d = -21. Let j(t) = t**2 + 9*t - 8. Let x be j(-10). Let l = x - w. Calculate the remainder when 7 is divided by l.
1
What is the remainder when 3/3*-3*(-388)/12 is divided by 33?
31
Suppose b - 49 = 3*x, -2*b - 5*x - 97 = -4*b. Calculate the remainder when b is divided by 17.
12
Let a be 2/11 + (-70)/22. Let y = a - -3. Let q = 2 - y. What is the remainder when 4 is divided by q?
0
Suppose 4*j = -5*v + 77, 6*j = -3*v + 2*j + 51. Suppose 5*h - 4*w - 3 = 20, 3*w = -3*h + 30. Let i = v - h. What is the remainder when i is divided by 4?
2
Let o be 2/(-5) - (-2)/5. Calculate the remainder when 40 is divided by 2 + 1*(12 - o).
12
Calculate the remainder when -3*(-2)/6*11 is divided by 5.
1
Suppose -9*u + 160 = 7*u. Calculate the remainder when 14 is divided by u.
4
Suppose -8 = -x + 5. Suppose -2*g + 6 = -2. What is the remainder when 2/g*2*38 is divided by x?
12
Let c = 413 + -174. What is the remainder when c is divided by 12?
11
Let v = -41 + 66. Let i(g) = -4*g - 7. Let l be 6/(-3) + 2 - 5. What is the remainder when v is divided by i(l)?
12
Let k be (3 - 0 - 5) + 1. Let d be -30*(k + 654/(-9)). Calculate the remainder when 2/(-8) - d/(-40) is divided by 19.
17
Let s(g) = -g**3 - 6*g**2 + 4*g - 15. Suppose 5 = -k + 5*b - 12, 3*k + 2*b + 17 = 0. What is the remainder when 9 is divided by s(k)?
3
Suppose 5*s = 5*g + 80, -3*s + 2*g + 72 = 7*g. What is the remainder when 37 is divided by s?
18
Let v(d) be the first derivative of -d**2/2 + 16*d - 9. Suppose 0*h - 32 = -4*h. Calculate the remainder when v(-7) is divided by h.
7
Let v be ((-8)/(-10))/(3/15). Suppose v*w + 3 = -21. Let o = w - -15. What is the remainder when 26 is divided by o?
8
Suppose 7*h + 20 = 9*h - 4*z, 0 = h + 5*z + 18. What is the remainder when 10 is divided by h?
0
Suppose 42 - 14 = 4*k + 5*h, -5*h = -k + 7. Let a = -2 + k. Suppose 0 = a*u + 3*x - 17, 4*u - 3*x = -4*x + 15. Calculate the remainder when 13 is divided by u.
1
Let x = 11 - 9. What is the remainder when 3 is divided by x?
1
Suppose -5*p + 2*g = -48 - 58, 5*p - 116 = -3*g. Let h = p + -12. Let d = h - 5. What is the remainder when 13 is divided by d?
3
Suppose 2*r - 2 = 0, -g - 4*r + 23 = -r. What is the remainder when 57 is divided by g?
17
Suppose -3*z = -5*f + 47, 2*f = 3*f - z - 11. Suppose 2*m = -2, -3*m + 2 - 13 = 2*n. What is the remainder when ((-2)/6)/(n/312) is divided by f?
5
Let k(i) = 6*i**3 - 9*i**2 + 14*i + 5. Let t(y) = 5*y**3 - 8*y**2 + 13*y + 4. Let s(b) = -6*k(b) + 7*t(b). Calculate the remainder when s(-5) is divided by 10.
8
Let a(t) = -t. Let b be a(-4). Let g = 1 + b. Suppose d = g*d - 80. What is the remainder when d is divided by 7?
6
Suppose 33*a - 34*a + 12 = 0. Calculate the remainder when 22 is divided by a.
10
Let y(v) = -v + 28. Let j be y(0). Let m = j - 11. What is the remainder when 33 is divided by m?
16
Let u = 0 - 47. Let n = u + 110. What is the remainder when n is divided by 11?
8
Suppose 19*n - 22*n = -48. Calculate the remainder when 75 is divided by n.
11
Let z be 5 + 4/8*4. Suppose 16 = z*i - 3*i. Let g(x) = -3*x - 1. Calculate the remainder when g(-4) is divided by i.
3
Let d be (-2 - -3)*-1 - -25. Suppose -2*h + 4*h - 3*p = -35, -h - p - 15 = 0. Let x = h + d. Calculate the remainder when 13 is divided by x.
5
Let y(k) = -k**3 + 7*k**2 - 2*k - 7. Let a(o) = -o**3 + 3 - o**3 - 7*o**2 - 7*o + o**3. What is the remainder when y(6) is divided by a(-6)?
8
Let z be 2/((4/(-6))/(-1)). Let r(a) = -a**2 + z*a - a + 1 + 2*a**2. Calculate the remainder when 34 is divided by r(-4).
7
Suppose 0 = 3*k - w + 19 - 140, w - 119 = -3*k. Calculate the remainder when 119 is divided by k.
39
Let t(o) = -4*o**3 - 6*o**2 + 3*o. What is the remainder when t(-4) is divided by 38?
34
Suppose 4*z - 3*b = 26, -3*z = -7*z - 4*b + 40. What is the remainder when 0/((-2)/(-1)) + z is divided by (72/(-16) + 3)*2/(-1)?
2
Suppose -4*q - 5*i = -18 - 3, 5*q + 10 = i. What is the remainder when (10 + 1)/(q/(-1)) is divided by 7?
4
Let o = 15 + -6. Suppose -4*s + 32 = -4*f, f = 4*f. Suppose 64 = -4*p + s*p. Calculate the remainder when p is divided by o.
7
Let p(a) = 3*a**2 - 3*a + 8. Let s(f) = 3*f + 6. What is the remainder when s(5) is divided by p(0)?
5
Let h be ((-124)/6)/((-2)/3). Suppose -3*w = -h - 2. What is the remainder when ((-32)/(-5))/((-1)/(-5)) is divided by w?
10
Suppose -4*p = -4*c + 16, 0 = -3*c - 4*p + 4 + 1. Suppose 170 = c*x + 2*x. Calculate the remainder when x is divided by 18.
16
Calculate the remainder when 42 is divided by -1 - 2 - -1 - -9.
0
Let x(z) = 3*z + 44. Calculate the remainder when 135 is divided by x(-7).
20
Suppose -20 - 2 = -2*o. What is the remainder when ((-286)/88)/(1*3/(-36)) is divided by o?
6
Suppose -108 = -5*z + 2. Calculate the remainder when 107 is divided by z.
19
Let j(d) = 3*d. Let z be j(1). Suppose h = 4*o + z + 4, -2*h + 14 = -2*o. What is the remainder when h is divided by 4?
3
Let x(a) = -a - 8. Let p be x(-8). Suppose -i - v + 2 = 0, -v + p*v = -i - 2. What is the remainder when (4 + i)/(1/2) is divided by 3?
2
Let l be 6/8*(-56)/(-21). Suppose 0 = 2*c - c + l*z - 15, 5*z - 50 = -5*c. What is the remainder when 9 is divided by c?
4
Suppose -2*f + 320 = 2*f. Suppose -r + 0*p = 3*p - f, 0 = -3*r - 3*p + 216. Calculate the remainder when r is divided by 14.
12
Let t(x) = 25*x**3 + 1. Calculate the remainder when 77 is divided by t(1).
25
Let b be (-14)/(-21) - 4/6. Suppose 2*n - 2 - 20 = b. Calculate the remainder when 32 is divided by n.
10
Calculate the remainder when (4 - 2)/(30/1335) is divided by 18.
17
What is the remainder when (2/1)/(-2) - -25 is divided by 34 + -30 + (-10)/(-2)?
6
Let i(r) = -r**2 + 24*r - 30. Calculate the remainder when i(20) is divided by 13.
11
Let t(b) = 7*b**2 - 1. Calculate the remainder when 12 is divided by t(-1).
0
Let g(i) = 6*i**2 + i - 2. Let w be g(-3). Let r = 13 + -45. Let u = w + r. Calculate the remainder when u is divided by 9.
8
Let m = 113 + -68. Calculate the remainder when m is divided by 16.
13
Let c = -5 - -4. Let d = c - -2. What is the remainder when 31 is divided by (-22)/(-4)*(3 - d)?
9
Suppose -16 = y - 0*y. Let i = -9 - y. What is the remainder when 12 is divided by i?
5
Let j be (-63)/4*(-32)/12. Suppose -2*c - c = -j. What is the remainder when c is divided by (-12)/42 + (-37)/(-7)?
4
Calculate the remainder when (-2)/15*-3*30 is divided by 5.
2
Let x(f) = -12*f**3 - 2*f - 1. Calculate the remainder when 38 is divided by x(-1).
12
Let b = 2 + 5. Let s = -5 + 1. Let n = 15 - s. What is the remainder when n is divided by b?
5
Suppose -34*p = -29*p - 185. What is the remainder when p is divided by 21?
16
Suppose -4*y + 20 = -0*y. Suppose y*i = 96 - 1. Suppose -2*z + 6 = w - 11, 0 = -z - 4*w + i. Calculate the remainder when z is divided by 3.
1
Let z(h) be the second derivative of 3*h**4/4 - h**3/6 - h**2/2 - 3*h. Calculate the remainder when 35 is divided by z(-1).
8
Suppose -4*p = 5 - 105. Let d = p + 27. Let a = d + -14. Calculate the remainder when a is divided by 20.
18
S